What is the hundreds digit of p?
3
Let a be (-2 - (-4)/3)*(-186)/4. Suppose -7*o - a - 298 = 0. Let i = 68 + o. What is the tens digit of i?
2
Let y be ((-927)/(-12))/(3 + 57/(-20)). Suppose 511*h = y*h - 2092. What is the tens digit of h?
2
Let o(m) = -656*m - 66. What is the units digit of o(-8)?
2
Let q = 7 - 7. Suppose q = 18*t - 31*t + 16601. What is the tens digit of t?
7
Suppose -18*o + 2616 = -24*o. What is the units digit of 1/(-6) + (-35)/(-30) - o?
7
Suppose 2*p - 888 = -5*c, -8*c + 5*c - 2*p = -536. Suppose 0 = 2*s - c + 110. What is the units digit of s?
3
Let a(k) = -k**3 - 3*k**3 - 35*k - 18*k**2 - 25 + 0*k**3 + 3*k**3. What is the hundreds digit of a(-18)?
6
Suppose k - 6565 = 4*s, 34*k - s + 19760 = 37*k. What is the thousands digit of k?
6
Let m be -3 - -1 - (39 + 1). Let u = m + 46. What is the units digit of 1196/(-69)*(-18)/u?
8
Let v(g) = -289*g**3 - 4*g**2 + 25*g + 7. What is the hundreds digit of v(-5)?
9
Suppose 5*w + 2*b + 86 = b, -5*b = 2*w + 16. Let n(h) = -17*h**2 + 23256*h**3 + 8*h - h - 23257*h**3 + 24. What is the tens digit of n(w)?
2
Suppose 9*g = -21 + 12. What is the tens digit of 222 + -2 + (-6)/g?
2
Let b(w) = -9*w - 80. Let l be b(-10). What is the units digit of (-4)/l + (-432)/(-80)?
5
Let w = -1450 + 1629. Suppose 6*i - 2*i - a + 104 = 0, -i - 43 = 4*a. Let j = i + w. What is the hundreds digit of j?
1
Let u = 332 - 271. Suppose -n - 16 = -u. What is the tens digit of n?
4
Let a(s) = 23*s + 165. Let z be a(-7). Suppose -4*m + 3*j = -2321, 6*j - 7*j - 2331 = -z*m. What is the units digit of m?
4
Let p(x) = -9*x + 2. Let k be p(1). Let s = k - -12. Suppose -4*g + s*r + 308 = r, -4*g + 5*r = -305. What is the units digit of g?
0
Suppose -233*i + 364741 = -248*i + 1258681. What is the tens digit of i?
9
Suppose 34 = -2*w - 5*p - 68, 4*p = -2*w - 104. Let a = -55 - w. What is the units digit of 3 + 133/a + 0?
6
Suppose 0 = 17*u - 22*u - 15. What is the hundreds digit of ((-19052)/(-33))/((-2)/u)?
8
Let o(i) = 277*i + 499. What is the tens digit of o(56)?
1
Suppose 4*k + 29*k = 53163. What is the hundreds digit of k?
6
Let m(b) = 160*b**2 + 5*b - 11. What is the thousands digit of m(-4)?
2
Let k = -103 + 79. What is the thousands digit of 1340*((-14)/k + (-2)/(-12))?
1
What is the thousands digit of (238/231)/(-17) - (-1951896)/198?
9
Suppose 0 = -4*d - 4*v + 14876, 6166 = -3*d - 2*v + 17327. What is the thousands digit of d?
3
Let l(o) = 21*o**2 - o - 1. Let k(r) = 4*r**2 - r + 3. Let b be k(0). Let c be l(b). Suppose 4*s - c = 451. What is the tens digit of s?
5
Suppose -2*z - 6304 = -f - 83, -5*z = 5*f - 31090. What is the thousands digit of f?
6
What is the thousands digit of ((-18)/(-6))/((4/5156)/(-2 + 3))?
3
Let d = 177 - 155. What is the tens digit of (-89250)/(-77) - 2/d?
5
Let q(r) = 37*r**2 - 5*r - 380. What is the units digit of q(46)?
2
Suppose 5*t + 2*v - 4313 = 0, 5*t = 4*v + 5318 - 999. Suppose 2*j - t = -5*u + 10*u, 4*u = -j + 412. What is the tens digit of j?
2
Let u(h) = 5*h**3 + 28*h**2 - 512*h - 61. What is the hundreds digit of u(18)?
9
Suppose -318 = -2*j - 2*i, 3*i + 196 = j + 57. Let w be (-484)/(-11)*9/(-12). What is the tens digit of j/w*15/(-2)?
3
Let m = 2749 + 10480. What is the thousands digit of m?
3
Suppose 3*s - 2*a + 3 = -a, -a = -4*s - 3. Suppose 12*k - 15*k = 3*d - 4269, 4*d - 8 = s. What is the thousands digit of k?
1
Let o(p) be the third derivative of 77*p**5/60 + p**4/8 + p**3/6 - 2*p**2 + 2. What is the units digit of o(2)?
5
Suppose 18*q + 3*p = 13*q + 1061, -3*q - p + 635 = 0. Let x be 62*(-1 - 1/(-2)). Let b = q + x. What is the hundreds digit of b?
1
Let c(d) be the third derivative of 7*d**4/4 - d**3/2 + 7*d**2. Let p = 86 - 84. What is the units digit of c(p)?
1
Let b(z) = 2*z + 226 + 2*z**2 - 226. Let v be b(-2). Suppose 0 = -4*t - v, 2*y = -y + 3*t + 408. What is the tens digit of y?
3
Suppose -3*y = -29 + 35. What is the tens digit of 7/21 - y/12*334?
5
Let g(y) = -65*y + 827. What is the tens digit of g(12)?
4
Suppose 17641 = 20*t - 1039. What is the units digit of -2 - (-5 - t/2)?
0
Let p = 67 + -60. Suppose -5*u = -5*a + 6455, a + 95 = -2*u + 1395. Suppose -p*d = -a + 307. What is the units digit of d?
1
Let n(s) = 22*s + 4. Let l be (2/(-3))/(1/9). Let o be n(l). Let d = o + 245. What is the hundreds digit of d?
1
Let k = -12 - -9. Let g(f) = 5*f**2 - 14*f - 24. What is the tens digit of g(k)?
6
Let z(q) = -3747*q - 366. What is the thousands digit of z(-10)?
7
Let s(a) = 3*a**2 + 8*a - 18. Let q be s(3). Suppose 0 = -2*b + 79 + 33. Let c = b - q. What is the units digit of c?
3
Let d(a) = -62*a - 36. Let r(h) = -18 - 58*h + 5*h + 14*h + 8*h. Let l(m) = 3*d(m) - 5*r(m). What is the units digit of l(-4)?
6
Let f = 7 - 10. Let v be (-6)/f + 0 + 67. What is the tens digit of 1 - 8*v/(-6)?
9
Let u = 1148 + 1572. Suppose 3*b = -7*b + u. What is the tens digit of b?
7
What is the units digit of (-63303)/(-9) + 8/24?
4
Let k be (-360)/(-26) + (-2)/(-13). What is the hundreds digit of (-2)/(-1) - (-6902)/k?
4
Let m(u) = 1581*u**2 + 911*u - 2. What is the ten thousands digit of m(4)?
2
Let i(k) = k. Let j(u) = -10*u + 77. Let f(g) = 2*i(g) + j(g). What is the units digit of f(-19)?
9
Suppose -3*g - 5*a = -279172, 4*a - 147304 - 38812 = -2*g. What is the ten thousands digit of g?
9
Let s = -2 - -2. Suppose -5241 = 2*o - 5273. Suppose o = 2*m - s*m. What is the units digit of m?
8
Let z = 9999 + 4020. What is the tens digit of z?
1
Let j(t) = 6*t**3 + 17*t**2 + t - 15. What is the tens digit of j(8)?
5
Let q = -19 + 17. What is the tens digit of -1 + q/(-2) - -503?
0
Let n(f) = -f**3 + 12*f**2 + f - 11. Let v be -6*1*((-7)/2)/7. Let a be (-15 - (v - 3))*-1 - 3. What is the units digit of n(a)?
1
Let u(g) = -2*g**2 + 3*g - 16. Let c(r) = -3*r**2 + 5*r - 31. Let t(p) = 4*c(p) - 7*u(p). Let v be t(-3). What is the units digit of 30/v*(-12)/(-10)?
4
Let g be 2/(-7) - (-101628)/252. Let v = -399 + g. What is the units digit of v?
4
Let d(s) be the third derivative of 85*s**4/24 - 5*s**3/3 + 59*s**2. What is the units digit of d(2)?
0
Let c = -318 - 2119. Let b = -946 - c. What is the units digit of b?
1
Let l(i) = 25*i**3 + i**2 + 17*i - 69. What is the tens digit of l(4)?
1
Let p = 10029 - 2816. What is the hundreds digit of p?
2
Suppose 28 = 4*h, -62*h + 64*h = -5*z + 19564. What is the tens digit of z?
1
Let h(w) = 77*w**2 + 75*w - 3. What is the tens digit of h(17)?
2
Suppose 199*t + 5*f - 56836 = 196*t, -4*f = 3*t - 56831. What is the hundreds digit of t?
9
Suppose f + 5*r = -2*f + 9151, 3*r - 15225 = -5*f. What is the tens digit of f?
4
Let w(m) = 3*m**2 + 63*m - 425. What is the thousands digit of w(23)?
2
Let p(x) = -62*x**2 - 8*x + 28*x**2 + 30*x**2 + 3*x**3 + 4. Suppose -3*s + 9 + 3 = 0. What is the units digit of p(s)?
0
Let f(d) = 247*d + 544. Let i be f(10). Let j = i + -1091. What is the hundreds digit of j?
9
Suppose -149*s = 3*s - 9332060 - 3796636. What is the tens digit of s?
7
Suppose 11*z - 466 = -323. Suppose -z*w + 41960 = 27*w. What is the thousands digit of w?
1
Suppose 0 = 2*s - 8*w - 0*w - 21148, 2*s = 4*w + 21128. What is the units digit of s?
4
Suppose -24 = -42*k + 36*k. Suppose 9*z - k*z = 570. What is the hundreds digit of z?
1
Let n(f) = -3*f**3 - 3*f**2 + 49*f - 68. What is the tens digit of n(-13)?
7
What is the ten thousands digit of ((-2)/(-2))/(118/1475 - 85743/1072725)?
1
Let g be -7 - 0 - (121/11 + -16). Let c(k) = -35*k**2 - 3*k - 9. Let w(z) = -34*z**2 - 3*z - 8. Let q(t) = 6*c(t) - 7*w(t). What is the tens digit of q(g)?
0
Let u be (-23)/(-4) + (-6)/8. Let h be (-3)/(15/(-1115)) + (-3 - 0). Suppose -u*i + h = -i. What is the tens digit of i?
5
Suppose 0 = -3*p, -r - p = -0*p - 3. Suppose -2*u = d - 361, 0 = -r*u + 5*u - 4*d - 366. What is the units digit of u?
1
Let k = -122 - -124. What is the units digit of (723/(-3))/(1 - k)?
1
Let z(d) be the second derivative of -18*d - 1/2*d**2 + 0 + 2/3*d**3 - 1/4*d**4 + 31/20*d**5. What is the tens digit of z(1)?
3
What is the tens digit of 0 + 4 + 4 - -17671?
7
Let g be (-16)/(-10) + (-2)/(-5). Suppose 131*t - 579 = 14*t + 1293. Suppose -4*z = t, -5*z - 316 = -2*s - g*s. What is the tens digit of s?
7
Suppose 3*u = -1 + 22. Let c(n) = -60*n**2 - 21 + 5*n + 32*n**2 + 30*n**2. What i